{"id":36,"date":"2025-02-07T19:11:35","date_gmt":"2025-02-07T18:11:35","guid":{"rendered":"https:\/\/infoinnova.co\/?page_id=36"},"modified":"2025-03-12T19:39:45","modified_gmt":"2025-03-12T18:39:45","slug":"lo-que-hacemos","status":"publish","type":"page","link":"https:\/\/infoinnova.co\/?page_id=36","title":{"rendered":"Lo que hacemos"},"content":{"rendered":"<ol>\n<li>Brindar asesor\u00eda en la construcci\u00f3n de p\u00e1ginas web accesibles para todo tipo de poblaci\u00f3n.<\/li>\n<li>Dar a conocer a todas las personas las TICS para personas con discapacidad.<\/li>\n<li>Apoyar en la construcci\u00f3n de pedagog\u00edas incluyentes para ni\u00f1os y ni\u00f1as con discapacidad.<\/li>\n<li>Adaptar juegos con el fin de buscar la equidad de las personas con discapacidad e incluy\u00e9ndolos en diferentes espacios.<\/li>\n<li>Difundir informaci\u00f3n \u00fatil para personas con discapacidad, utilizando para esto todo tipo de medios de comunicaci\u00f3n.<\/li>\n<p>MISI\u00d3N:<br \/>\nLa Corporaci\u00f3n Info Innova se encargar\u00e1 de asesorar procesos de inclusi\u00f3n para todo tipo de poblaci\u00f3n utilizando para ello los sectores TIC, Cultural y Educaci\u00f3n; de tal manera que desde toda clase de entidades se ejecuten acciones que promuevan la inclusi\u00f3n tecnol\u00f3gica, cultural y educativa de cualquier persona.<\/p>\n<p>VISI\u00d3N:<br \/>\nA futuro la Corporaci\u00f3n Info Innova pretende ser reconocida como una entidad que se caracterice por su seriedad, profesionalismo, competencia y empe\u00f1o en todas las labores que desarrolle.<\/p>\n","protected":false},"excerpt":{"rendered":"<p>Brindar asesor\u00eda en la construcci\u00f3n de p\u00e1ginas web accesibles para todo tipo de poblaci\u00f3n. Dar a conocer a todas las personas las TICS para personas con discapacidad. Apoyar en la construcci\u00f3n de pedagog\u00edas incluyentes para ni\u00f1os y ni\u00f1as con discapacidad. Adaptar juegos con el fin de buscar la equidad de las personas con discapacidad e&hellip; <a class=\"more-link\" href=\"https:\/\/infoinnova.co\/?page_id=36\">Seguir leyendo <span class=\"screen-reader-text\">Lo que hacemos<\/span><\/a><\/p>\n","protected":false},"author":1,"featured_media":0,"parent":0,"menu_order":0,"comment_status":"closed","ping_status":"closed","template":"","meta":{"footnotes":""},"class_list":["post-36","page","type-page","status-publish","hentry","entry"],"_links":{"self":[{"href":"https:\/\/infoinnova.co\/index.php?rest_route=\/wp\/v2\/pages\/36","targetHints":{"allow":["GET"]}}],"collection":[{"href":"https:\/\/infoinnova.co\/index.php?rest_route=\/wp\/v2\/pages"}],"about":[{"href":"https:\/\/infoinnova.co\/index.php?rest_route=\/wp\/v2\/types\/page"}],"author":[{"embeddable":true,"href":"https:\/\/infoinnova.co\/index.php?rest_route=\/wp\/v2\/users\/1"}],"replies":[{"embeddable":true,"href":"https:\/\/infoinnova.co\/index.php?rest_route=%2Fwp%2Fv2%2Fcomments&post=36"}],"version-history":[{"count":3,"href":"https:\/\/infoinnova.co\/index.php?rest_route=\/wp\/v2\/pages\/36\/revisions"}],"predecessor-version":[{"id":51,"href":"https:\/\/infoinnova.co\/index.php?rest_route=\/wp\/v2\/pages\/36\/revisions\/51"}],"wp:attachment":[{"href":"https:\/\/infoinnova.co\/index.php?rest_route=%2Fwp%2Fv2%2Fmedia&parent=36"}],"curies":[{"name":"wp","href":"https:\/\/api.w.org\/{rel}","templated":true}]}}