{"id":32,"date":"2025-02-07T19:05:38","date_gmt":"2025-02-07T18:05:38","guid":{"rendered":"https:\/\/infoinnova.co\/?page_id=32"},"modified":"2025-02-07T19:05:38","modified_gmt":"2025-02-07T18:05:38","slug":"inicio","status":"publish","type":"page","link":"https:\/\/infoinnova.co\/","title":{"rendered":"Inicio"},"content":{"rendered":"<p>Asesoramos procesos de inclusi\u00f3n para todo tipo de poblaci\u00f3n en las \u00e1reas TIC y Educaci\u00f3n; velando por que las instituciones p\u00fablicas y privadas ejecuten acciones que promuevan la inclusi\u00f3n tecnol\u00f3gica y educativa de las personas.<\/p>\n","protected":false},"excerpt":{"rendered":"<p>Asesoramos procesos de inclusi\u00f3n para todo tipo de poblaci\u00f3n en las \u00e1reas TIC y Educaci\u00f3n; velando por que las instituciones p\u00fablicas y privadas ejecuten acciones que promuevan la inclusi\u00f3n tecnol\u00f3gica y educativa de las personas.<\/p>\n","protected":false},"author":1,"featured_media":0,"parent":0,"menu_order":0,"comment_status":"closed","ping_status":"closed","template":"","meta":{"footnotes":""},"class_list":["post-32","page","type-page","status-publish","hentry","entry"],"_links":{"self":[{"href":"https:\/\/infoinnova.co\/index.php?rest_route=\/wp\/v2\/pages\/32","targetHints":{"allow":["GET"]}}],"collection":[{"href":"https:\/\/infoinnova.co\/index.php?rest_route=\/wp\/v2\/pages"}],"about":[{"href":"https:\/\/infoinnova.co\/index.php?rest_route=\/wp\/v2\/types\/page"}],"author":[{"embeddable":true,"href":"https:\/\/infoinnova.co\/index.php?rest_route=\/wp\/v2\/users\/1"}],"replies":[{"embeddable":true,"href":"https:\/\/infoinnova.co\/index.php?rest_route=%2Fwp%2Fv2%2Fcomments&post=32"}],"version-history":[{"count":1,"href":"https:\/\/infoinnova.co\/index.php?rest_route=\/wp\/v2\/pages\/32\/revisions"}],"predecessor-version":[{"id":33,"href":"https:\/\/infoinnova.co\/index.php?rest_route=\/wp\/v2\/pages\/32\/revisions\/33"}],"wp:attachment":[{"href":"https:\/\/infoinnova.co\/index.php?rest_route=%2Fwp%2Fv2%2Fmedia&parent=32"}],"curies":[{"name":"wp","href":"https:\/\/api.w.org\/{rel}","templated":true}]}}